0
What is the remainder when 43293 is divided by 2278?
11
Calculate the remainder when 26049 is divided by 296.
1
What is the remainder when 174581 is divided by 15?
11
What is the remainder when 6438 is divided by 17?
12
Calculate the remainder when 5157 is divided by 1719.
0
Calculate the remainder when 25232 is divided by 12569.
94
What is the remainder when 710317 is divided by 14?
13
Calculate the remainder when 21501 is divided by 261.
99
Calculate the remainder when 892 is divided by 85.
42
What is the remainder when 3308 is divided by 552?
548
What is the remainder when 42333 is divided by 85?
3
Calculate the remainder when 2982 is divided by 461.
216
Calculate the remainder when 1748 is divided by 228.
152
Calculate the remainder when 32171 is divided by 39.
35
What is the remainder when 371 is divided by 87?
23
What is the remainder when 605 is divided by 584?
21
Calculate the remainder when 27600 is divided by 9200.
0
What is the remainder when 339 is divided by 163?
13
Calculate the remainder when 204 is divided by 75.
54
What is the remainder when 42327 is divided by 15?
12
Calculate the remainder when 18857 is divided by 1883.
27
Calculate the remainder when 6050 is divided by 1680.
1010
What is the remainder when 38000 is divided by 200?
0
What is the remainder when 13960 is divided by 6?
4
What is the remainder when 515301 is divided by 59?
54
Calculate the remainder when 24400 is divided by 108.
100
What is the remainder when 404818 is divided by 15?
13
What is the remainder when 187 is divided by 10?
7
What is the remainder when 73512 is divided by 14669?
167
Calculate the remainder when 25566 is divided by 556.
546
What is the remainder when 2060 is divided by 44?
36
What is the remainder when 1074 is divided by 83?
78
What is the remainder when 546429 is divided by 24?
21
What is the remainder when 1851 is divided by 1296?
555
Calculate the remainder when 92525 is divided by 46242.
41
Calculate the remainder when 32262 is divided by 45.
42
What is the remainder when 87931 is divided by 2001?
1888
Calculate the remainder when 8467 is divided by 9.
7
What is the remainder when 357 is divided by 138?
81
Calculate the remainder when 28539 is divided by 426.
423
What is the remainder when 13697 is divided by 13642?
55
What is the remainder when 2301 is divided by 701?
198
What is the remainder when 8424 is divided by 452?
288
What is the remainder when 41263 is divided by 133?
33
Calculate the remainder when 14655 is divided by 132.
3
What is the remainder when 18543 is divided by 9271?
1
What is the remainder when 845 is divided by 12?
5
Calculate the remainder when 1964 is divided by 977.
10
What is the remainder when 490510 is divided by 22?
20
Calculate the remainder when 646994 is divided by 317.
314
What is the remainder when 119768 is divided by 138?
122
Calculate the remainder when 66955 is divided by 65.
5
What is the remainder when 78229 is divided by 44?
41
What is the remainder when 1252 is divided by 555?
142
What is the remainder when 85576 is divided by 28524?
4
What is the remainder when 166041 is divided by 205?
196
What is the remainder when 2082 is divided by 775?
532
What is the remainder when 27225 is divided by 2722?
5
What is the remainder when 10124 is divided by 1446?
2
What is the remainder when 2862 is divided by 911?
129
Calculate the remainder when 67996 is divided by 4532.
16
What is the remainder when 22208 is divided by 1739?
1340
Calculate the remainder when 3953 is divided by 57.
20
What is the remainder when 6379 is divided by 336?
331
What is the remainder when 1847 is divided by 229?
15
What is the remainder when 1708 is divided by 339?
13
Calculate the remainder when 20952 is divided by 5236.
8
Calculate the remainder when 4077 is divided by 77.
73
Calculate the remainder when 92078 is divided by 100.
78
Calculate the remainder when 37360 is divided by 157.
151
What is the remainder when 15451 is divided by 184?
179
What is the remainder when 5160 is divided by 1712?
24
What is the remainder when 238216 is divided by 4764?
16
What is the remainder when 16415 is divided by 304?
303
What is the remainder when 15878 is divided by 1209?
161
What is the remainder when 42820 is divided by 55?
30
What is the remainder when 3437 is divided by 66?
5
Calculate the remainder when 35081 is divided by 68.
61
What is the remainder when 898393 is divided by 131?
126
Calculate the remainder when 3744 is divided by 586.
228
Calculate the remainder when 7548 is divided by 1508.
8
Calculate the remainder when 1735 is divided by 1540.
195
What is the remainder when 8125 is divided by 189?
187
What is the remainder when 26989 is divided by 36?
25
What is the remainder when 11518 is divided by 65?
13
Calculate the remainder when 3646977 is divided by 20.
17
Calculate the remainder when 2705 is divided by 1352.
1
What is the remainder when 5845 is divided by 1157?
60
Calculate the remainder when 26540 is divided by 121.
41
What is the remainder when 95398 is divided by 19?
18
What is the remainder when 162833 is divided by 761?
740
Calculate the remainder when 15328 is divided by 103.
84
Calculate the remainder when 39423 is divided by 1161.
1110
What is the remainder when 922 is divided by 303?
13
What is the remainder when 25277 is divided by 65?
57
Calculate the remainder when 18516 is divided by 18.
12
What is the remainder when 67 is divided by 51?
16
Calculate the remainder when 40790 is divided by 425.
415
What is the remainder when 2042 is divided by 399?
47
Calculate the remainder when 12943 is divided by 1973.
1105
What is the remainder when 71633 is divided by 30?
23
What is the remainder when 381558 is divided by 107?
103
Calculate the remainder when 13730 is divided by 191.
169
Calculate the remainder when 546 is divided by 260.
26
Calculate the remainder when 65110 is divided by 1183.
45
Calculate the remainder when 7794 is divided by 2414.
552
What is the remainder when 136512 is divided by 118?
104
Calculate the remainder when 557420 is divided by 278703.
14
Calculate the remainder when 45023 is divided by 204.
143
What is the remainder when 250084 is divided by 45?
19
Calculate the remainder when 51349 is divided by 37.
30
What is the remainder when 245404 is divided by 81784?
52
Calculate the remainder when 68669 is divided by 33.
29
Calculate the remainder when 8440 is divided by 27.
16
What is the remainder when 2411 is divided by 600?
11
Calculate the remainder when 2920 is divided by 392.
176
Calculate the remainder when 4716 is divided by 774.
72
Calculate the remainder when 2461054 is divided by 32.
30
What is the remainder when 1552 is divided by 118?
18
Calculate the remainder when 2442 is divided by 569.
166
What is the remainder when 110852 is divided by 1218?
14
What is the remainder when 2489 is divided by 712?
353
Calculate the remainder when 62203 is divided by 12.
7
What is the remainder when 44459 is divided by 380?
379
What is the remainder when 318988 is divided by 930?
928
Calculate the remainder when 410375 is divided by 3206.
7
What is the remainder when 7551 is divided by 378?
369
Calculate the remainder when 44881 is divided by 11159.
245
Calculate the remainder when 16842 is divided by 11.
1
Calculate the remainder when 249676 is divided by 194.
192
What is the remainder when 2289 is divided by 64?
49
What is the remainder when 6586 is divided by 3200?
186
Calculate the remainder when 33694 is divided by 43.
25
Calculate the remainder when 410575 is divided by 67.
66
Calculate the remainder when 17166 is divided by 4176.
462
What is the remainder when 10974 is divided by 100?
74
Calculate the remainder when 7653 is divided by 7613.
40
What is the remainder when 8336075 is divided by 61?
59
What is the remainder when 2727268 is divided by 1295?
1293
Calculate the remainder when 26213 is divided by 114.
107
What is the remainder when 58666 is divided by 558?
76
Calculate the remainder when 24812 is divided by 2247.
95
What is the remainder when 1011 is divided by 505?
1
Calculate the remainder when 39004 is divided by 19500.
4
Calculate the remainder when 12585 is divided by 7.
6
Calculate the remainder when 224359 is divided by 395.
394
What is the remainder when 684 i